 digit of (36/(-8) - -4)*b?
5
Let k(p) = -17*p**2 + 69*p + 3. Let m be k(4). Suppose 4*y = -2*n + 908, m*y - 2*y = 5*n - 2285. What is the units digit of n?
6
Let k(s) = s**3 + 11*s**2 + 23*s + 75. What is the thousands digit of k(18)?
9
Let l(p) = 5*p**2 + 3*p**3 + 11*p + 10*p - 16*p + 4. What is the hundreds digit of l(6)?
8
Let n(f) = -942*f**3 + f**2 + f. Let i be n(-1). Suppose 4*q + 46 = i. Suppose 3*j - q = -5. What is the tens digit of j?
7
Let b(r) = 508*r + 20. What is the thousands digit of b(15)?
7
Suppose -22*c + 28022 = -324610 - 77424. What is the ten thousands digit of c?
1
What is the thousands digit of 2636/(-3)*(11/(-4))/(8/48)?
4
Suppose 123*g - 9*g - 1323221 = 672577. What is the tens digit of g?
0
Let f(m) = -8*m**2 + 14*m - 43. Let w(i) = 18*i**2 - 28*i + 85. Let p(r) = 7*f(r) + 4*w(r). What is the thousands digit of p(9)?
1
Let q(w) = 3*w + 15. Let n be q(-3). Let p be (9/n)/(1/(-2)). What is the hundreds digit of (0 + 50)/(p/(-3 - 3))?
1
Let t be 16 - 1 - 2 - 5. Suppose t*k - 3*k - 2*s = 2555, 4*s - 2585 = -5*k. Suppose 0*u - k = -3*u. What is the hundreds digit of u?
1
Suppose 2*v = -4*j + 29382, 0 = -17*j + 13*j + v + 29367. What is the hundreds digit of j?
3
Let s be (14*2326)/4 - (7 - 4). Suppose -15*y + 2*y = -s. What is the tens digit of y?
2
Let i = -33 - -48. Let r = -12 + i. Suppose 3*p - 785 = -5*t - p, -r*p = -3*t + 471. What is the tens digit of t?
5
Let w be (-18)/8*900/(-135). Suppose 3*l - 4*l = 3*r - 328, -w = -5*r. What is the units digit of l?
9
Let z(b) = 2569*b**2 - 48*b - 7. What is the hundreds digit of z(3)?
9
What is the tens digit of (-6336)/(((-21)/(-14))/(-1))?
2
Let m(p) = 502*p**3 + 8*p**2 - 13*p + 5. What is the units digit of m(2)?
7
Let x(o) = -o**3 + 4*o**2 - 4*o + 1. Let n be x(3). What is the units digit of -1 + -1 - (-111 + n/2)?
0
Let y(n) = n**3 - 2*n - 55. Let r be y(0). Let q = r + 83. What is the tens digit of 7/(q/(-16)) - -126?
2
Let j = 170 + -169. What is the units digit of ((-8)/2 - -115)/j?
1
Let o(n) = -87*n - 1800. Let a(w) = -17*w - 360. Let i(k) = -21*a(k) + 4*o(k). What is the units digit of i(0)?
0
Let t(n) be the first derivative of 18*n**2 - 18*n + 3. Let h be t(-4). Let u = 273 + h. What is the units digit of u?
1
Let k(j) = 15*j - 96. Let t be k(-6). What is the units digit of ((-317)/(-6))/((-31)/t)?
7
Let o(p) = p**2 + 26*p + 293. What is the units digit of o(70)?
3
Let i = -27 + 54. Suppose 5 = -5*x - 5*l, 0 = 4*x - 4*l + i - 7. What is the units digit of (x - 28/(-4)) + 97?
1
Suppose -23*f = -414 + 4577. Let y = 507 + f. What is the tens digit of y?
2
Suppose -143 = 5*n - 23. Let v be n*(7 + -3 + -3). What is the tens digit of 14/((2 - 0)*(-8)/v)?
2
Let c be (-35168)/(-56) + 0 + -1. Suppose 3*f = c + 201. What is the units digit of f?
6
What is the tens digit of -4398*1/(33/(-44))?
6
Let z(n) = 6*n**2 + 190*n + 179*n + 5 - 383*n. What is the hundreds digit of z(-5)?
2
Let r(q) = 8*q**2 - 10*q + 46. Let t(b) = 23*b**2 - 30*b + 136. Let y(f) = -17*r(f) + 6*t(f). What is the units digit of y(-11)?
6
Suppose -12*k = -7*k + 1980. What is the units digit of (4 - (-44)/(-8))*(-4 + k)?
0
Let x(b) = -b**2 - 51*b + 85. Let m be x(30). Let j = -1133 - m. What is the thousands digit of j?
1
Suppose -134*r + 132*r = 3*d - 26168, -2*r + d + 26184 = 0. What is the tens digit of r?
9
Let y = -1046 - -314. Let v = 1648 + y. What is the tens digit of v?
1
Let t(l) = -l**3 + 7*l**2 - 6*l + 3. Let d be t(6). Suppose -w - 99 = -b, 5*w - 197 - 108 = -d*b. What is the tens digit of b?
0
Let s be ((-2)/(-4))/(2/(-17780)*-7). Let d = -250 + s. What is the units digit of d?
5
Let y = 100 - -899. Suppose h = -2*m + 983, y = h + 19*m - 21*m. What is the units digit of h?
1
Let a(p) = 91*p**2 + 8*p + 16. Let x be a(-5). Suppose -331 + x = 8*j. Suppose j = 5*m - 135. What is the units digit of m?
5
Let p(x) = 29*x**2 - 41*x + 377. What is the hundreds digit of p(16)?
1
What is the tens digit of (531/(-12))/((-21)/1232)?
9
Let i(o) = -o + 45. Let l be i(40). Suppose 2*s - 1283 - 519 = -l*n, -4*n = -2*s + 1766. What is the units digit of s?
1
Let i = -342 - -342. Suppose i = z + 14*z - 10695. What is the hundreds digit of z?
7
Let j = -255 + 263. What is the tens digit of (14 + -12)/((j/(-1342))/(-2))?
7
Let u = -87659 - -125882. What is the ten thousands digit of u?
3
Let k(u) = -4*u + 7. Suppose 0 = -c + 6*c + 50. Let f = c + 10. What is the units digit of k(f)?
7
Let q = -210 + 83. Let a = q + 404. What is the tens digit of a?
7
Let t = 21900 - 3131. What is the units digit of t?
9
Let n(i) = i**3 + 2*i**2 - 8*i + 2. Let z be n(-4). Suppose z + 6 = w. Let g = w - -17. What is the units digit of g?
5
Let i(o) = 916*o**2 - 41*o + 42. Let p be i(1). Let k = p + -402. What is the hundreds digit of k?
5
Let y(q) = 365*q - 91. Let k be y(-4). Let t = k - -2269. What is the units digit of t?
8
Let n(u) = 276*u**2 + 82*u + 160. What is the units digit of n(-6)?
4
Suppose -34 - 22 = 7*a. Let c be a/(-10)*5*(-5 - -6). Suppose 5*b - 319 = 4*z - 1145, 2*z - c*b = 410. What is the hundreds digit of z?
2
What is the units digit of ((-17946)/15)/((-94)/705)?
3
Let n(i) be the third derivative of i**6/120 + 7*i**5/60 + i**4/6 + 2*i**3 + i**2. Let v be 225/90*12/10 + -9. What is the units digit of n(v)?
4
Suppose 2*d = 3*f - 5383, 3*d + 7185 = 4*f + 8*d. What is the tens digit of f?
9
Let v(c) = c**3 - 5*c**2 + 17*c + 197. What is the tens digit of v(20)?
3
Suppose 2*w + 237248 = 3*b, 15*b = 16*b + 3*w - 79068. What is the ten thousands digit of b?
7
Suppose 5829 = -22*t + 329. Let i = -114 - t. What is the hundreds digit of i?
1
What is the thousands digit of 5449 + 14 - 11 - 3?
5
Suppose b + 32164 = 5*v, 18*v - 16*v = -4*b + 12848. What is the tens digit of v?
3
Let a be 68/(-51)*(-57)/4. Suppose -15*q = -a*q. Suppose 0*z - z - 5*l + 216 = q, -1 = l. What is the units digit of z?
1
Suppose 2*q + o + 3*o - 72 = 0, -92 = -2*q + o. Let s(c) = -q*c - 10 + c - c**2 + 4*c**2 - 5. What is the tens digit of s(18)?
8
Let p be 12544/882 + 2/(-9). What is the tens digit of 213138/126 + 6/p?
9
Suppose 2*w + 41 - 29 = 0. Let v(s) = -9*s - 10. Let o be v(w). Let j = 106 - o. What is the units digit of j?
2
Let h(s) = 24*s**2 + 22*s + 95. Suppose -17*r + 261 = -46*r. What is the hundreds digit of h(r)?
8
Let r = -24 + 35. Suppose 38 - r = i. What is the hundreds digit of (-832)/(-6) - 3*6/i?
1
Let m(z) be the third derivative of -1/3*z**3 - 11/20*z**6 - 1/24*z**4 + 0*z + 1/30*z**5 - 4*z**2 + 0. What is the units digit of m(-1)?
7
Let l be 404*4/64 - 4/16. Suppose -l*v - 9073 + 30423 = 0. What is the hundreds digit of v?
8
Let f(q) = 69*q + 1. Let o be f(2). Let v(y) = -72*y - 73*y + o*y - 56. What is the tens digit of v(-22)?
7
Suppose s = -2*s + 3*r + 15, -10 = 2*s + 2*r. Suppose s = 106*o - 99*o - 5810. What is the units digit of o?
0
Let u(r) = 5*r**2 - 45. Let g be u(10). Suppose -6*b - g = -13*b. What is the units digit of b?
5
Let u = 14 + -241. Let w = 418 + u. What is the hundreds digit of w?
1
Let p be 1102/(-145)*70/(-4). What is the units digit of 6/21 + 44384/p?
4
Suppose 12*k = 11*k + 580. Suppose -4*i - 5*a = -k, -i + 54 + 91 = -2*a. Let z = i - 18. What is the hundreds digit of z?
1
Let u(n) = -754*n + 672. What is the tens digit of u(-11)?
6
Suppose 3950 = -p - 4*p. Let z = 250 - p. What is the units digit of z?
0
Suppose -10*f + 8633 = 303. Suppose 5*b + f = 2458. Let j = b - 221. What is the tens digit of j?
0
Suppose 43514 = 56*b - 351790. What is the units digit of b?
9
Let l = -5002 + 8843. What is the units digit of l?
1
Let r(w) = 52*w - 108. Let v be r(6). Suppose -m = -v - 1137. What is the units digit of m?
1
Let y = -366 + 630. Let i = y - 221. What is the tens digit of i?
4
Let z(u) = 241*u**2 - 7*u + 32. What is the hundreds digit of z(6)?
6
What is the units digit of ((-1604)/(-7))/((-152)/(-1064))?
4
Let i(o) = o**3 + 7*o**2 - 10*o - 16. Let y = 17 + -25. Let k be i(y). Suppose -p = -0*r + r - 68, k = p - 4*r - 63. What is the tens digit of p?
6
Suppose -5*l + 42 = -v + 10, -4 = 2*v. Suppose -9*f + l*f = -9. Suppose -184 = -f*u + u + z, -89 = -u + 2*z. What is the units digit of u?
3
Let r be -3*2*(387 - (5 + -2)). Let w be (-50)/(-4)*r/(-45). Suppose 5*m = m + w. What is the tens 